the hundreds digit of 46350?
3
What is the units digit of 21926?
6
What is the units digit of 165772?
2
What is the thousands digit of 14091?
4
What is the tens digit of 1566?
6
What is the thousands digit of 33726?
3
What is the thousands digit of 22591?
2
What is the thousands digit of 82379?
2
What is the tens digit of 65608?
0
What is the hundreds digit of 1339?
3
What is the units digit of 9173?
3
What is the units digit of 34689?
9
What is the thousands digit of 60330?
0
What is the tens digit of 5386?
8
What is the tens digit of 73396?
9
What is the thousands digit of 2103?
2
What is the hundreds digit of 25510?
5
What is the hundreds digit of 3340?
3
What is the hundreds digit of 18568?
5
What is the units digit of 3479?
9
What is the tens digit of 19035?
3
What is the hundreds digit of 55991?
9
What is the hundreds digit of 31705?
7
What is the thousands digit of 7213?
7
What is the hundreds digit of 2256?
2
What is the thousands digit of 11633?
1
What is the thousands digit of 1140?
1
What is the hundreds digit of 4031?
0
What is the tens digit of 77?
7
What is the hundreds digit of 45187?
1
What is the hundreds digit of 59852?
8
What is the thousands digit of 157794?
7
What is the thousands digit of 1088?
1
What is the units digit of 12384?
4
What is the hundreds digit of 1339?
3
What is the thousands digit of 6854?
6
What is the tens digit of 82702?
0
What is the units digit of 8023?
3
What is the units digit of 109?
9
What is the tens digit of 6872?
7
What is the units digit of 8894?
4
What is the tens digit of 81025?
2
What is the hundreds digit of 18485?
4
What is the units digit of 9159?
9
What is the units digit of 2350?
0
What is the tens digit of 8421?
2
What is the units digit of 84?
4
What is the thousands digit of 9323?
9
What is the ten thousands digit of 43278?
4
What is the thousands digit of 1433?
1
What is the thousands digit of 3118?
3
What is the hundreds digit of 788?
7
What is the ten thousands digit of 32694?
3
What is the units digit of 185264?
4
What is the tens digit of 72?
7
What is the units digit of 63888?
8
What is the hundreds digit of 9528?
5
What is the thousands digit of 2400?
2
What is the units digit of 19959?
9
What is the tens digit of 29099?
9
What is the units digit of 2326?
6
What is the tens digit of 212?
1
What is the hundreds digit of 16813?
8
What is the thousands digit of 5517?
5
What is the hundreds digit of 1577?
5
What is the units digit of 26162?
2
What is the hundreds digit of 9347?
3
What is the tens digit of 5528?
2
What is the tens digit of 6161?
6
What is the units digit of 16602?
2
What is the thousands digit of 13553?
3
What is the tens digit of 93616?
1
What is the units digit of 64596?
6
What is the ten thousands digit of 22509?
2
What is the hundreds digit of 21439?
4
What is the ten thousands digit of 14056?
1
What is the tens digit of 5411?
1
What is the thousands digit of 9494?
9
What is the tens digit of 1012?
1
What is the tens digit of 14679?
7
What is the units digit of 427?
7
What is the hundreds digit of 26963?
9
What is the units digit of 6566?
6
What is the ten thousands digit of 51817?
5
What is the ten thousands digit of 11251?
1
What is the thousands digit of 3450?
3
What is the tens digit of 3429?
2
What is the units digit of 261?
1
What is the units digit of 29078?
8
What is the thousands digit of 7036?
7
What is the hundreds digit of 91259?
2
What is the tens digit of 16218?
1
What is the hundreds digit of 74693?
6
What is the tens digit of 726?
2
What is the hundreds digit of 477?
4
What is the units digit of 1073?
3
What is the hundreds digit of 56867?
8
What is the thousands digit of 1161?
1
What is the ten thousands digit of 76974?
7
What is the hundreds digit of 3356?
3
What is the hundreds digit of 386?
3
What is the hundreds digit of 45096?
0
What is the hundreds digit of 4360?
3
What is the tens digit of 843?
4
What is the tens digit of 234?
3
What is the hundreds digit of 78802?
8
What is the tens digit of 146?
4
What is the units digit of 4273?
3
What is the ten thousands digit of 10184?
1
What is the thousands digit of 89289?
9
What is the hundreds digit of 530?
5
What is the hundreds digit of 150?
1
What is the tens digit of 1077?
7
What is the units digit of 5243?
3
What is the units digit of 5752?
2
What is the hundreds digit of 15309?
3
What is the tens digit of 121121?
2
What is the thousands digit of 29567?
9
What is the hundreds digit of 392?
3
What is the hundreds digit of 10910?
9
What is the hundreds digit of 5285?
2
What is the thousands digit of 96999?
6
What is the thousands digit of 6368?
6
What is the tens digit of 1487?
8
What is the tens digit of 4107?
0
What is the units digit of 538?
8
What is the tens digit of 376?
7
What is the hundreds digit of 1518?
5
What is the units digit of 16376?
6
What is the hundreds digit of 35348?
3
What is the tens digit of 9031?
3
What is the units digit of 85779?
9
What is the hundreds digit of 3661?
6
What is the units digit of 52197?
7
What is the thousands digit of 11091?
1
What is the units digit of 2153?
3
What is the units digit of 1403?
3
What is the tens digit of 778?
7
What is the ten thousands digit of 29620?
2
What is the tens digit of 13859?
5
What is the units digit of 69055?
5
What is the tens digit of 15101?
0
What is the units digit of 81374?
4
What is the hundreds digit of 12966?
9
What is the tens digit of 865?
6
What is the hundreds digit of 1370?
3
What is the units digit of 78632?
2
What is the tens digit of 2042?
4
What is the tens digit of 729?
2
What is the tens digit of 22418?
1
What is the thousands digit of 4755?
4
What is the thousands digit of 2327?
2
What is the tens digit of 4284?
8
What is the thousands digit of 1851?
1
What is the hundreds digit of 1133?
1
What is the tens digit of 20296?
9
What is the tens digit of 1764?
6
What is the tens digit of 7729?
2
What is the thousands digit of 9547?
9
What is the ten thousands digit of 19575?
1
What is the units digit of 4522?
2
What is the tens digit of 51934?
3
What is the tens digit of 2942?
4
What is the thousands digit of 19943?
9
What is the hundreds digit of 106?
1
What is the tens digit of 13380?
8
What is the units digit of 551?
1
What is the units digit of 928?
8
What is the tens digit of 2739?
3
What is the thousands digit of 28072?
8
What is the thousands digit of 183712?
3
What is the tens digit of 649?
4
What is the units digit of 29014?
4
What is the tens digit of 32?
3
What is the thousands digit of 11056?
1
What is the units digit of 533?
3
What is the units digit of 13538?
8
What is the tens digit of 2592?
9
What is the thousands digit of 17056?
7
What is the tens digit of 30330?
3
What is the ten thousands digit of 19531?
1
What is the tens digit of 2264?
6
What is the tens digit of 2097?
9
What is the hundreds digit of 1101?
1
What is the thousands digit of 54693?
4
What is the tens digit of 558?
5
What is the tens digit of 949?
4
What is the tens digit of 2040?
4
What is the tens digit of 83532?
3
What is the hundreds digit of 31535?
5
What is the hundreds digit of 5517?
5
What is the tens digit of 2609?
0
What is the hundreds digit of 5439?
4
What is the hundreds digit of 6011?
0
What is the tens digit of 1036?
3
What is the thousands digit of 54585?
4
What is the tens digit of 561?
6
What is the tens digit of 2868?
6
What is the units digit of 4251?
1
What is the thousands digit of 2870?
2
What is the ten thousands digit of 140840?
4
What is the units digit of 803?
3
What is the hundreds digit of 35089?
0
What is the hundreds digit of 430?
4
What is the hundreds digit of 626?
6
What is the units digit of 181146?
6
What is the thousands digit of 2393?
2
What is the thousands digit of 9322?
9
What is the units digit of 4260?
0
What is the thousands digit of 37646?
7
What is the hundreds digit of 8073?
0
What is the hundreds digit of 3286?
2
What is the units digit of 1793?
3
What is the units digit of 4775?
5
What is the hundred thousands digit of 133318?
1
What is the units digit of 2136?
6
What is the units digit of 186?
6
What is the hundreds digit of 423?
4
What is the hundreds digit of 2100?
1
What is the tens digit of 549?
4
What is the tens digit of 11446?
4
What is the hundreds digit of 